{"id":3296,"date":"2017-01-19T05:46:37","date_gmt":"2017-01-19T05:46:37","guid":{"rendered":"http:\/\/demo.theme4press.com\/evolve\/?page_id=3296"},"modified":"2024-09-02T09:29:57","modified_gmt":"2024-09-02T07:29:57","slug":"about","status":"publish","type":"page","link":"https:\/\/www.rika-chemie.com\/es\/about\/","title":{"rendered":"Sobre nosotros"},"content":{"rendered":"\n<h1 class=\"wp-block-heading\"><span style=\"color: #09589e;\"><strong>SU EXPERTO EN PRODUCTOS QU\u00cdMICOS PARA LA PRODUCCI\u00d3N DE CALZADO BASADA EN PU<\/strong><\/span><\/h1>\n\n\n\n<div style=\"height:49px\" aria-hidden=\"true\" class=\"wp-block-spacer\"><\/div>\n\n\n\n<p>La empresa fue fundada en diciembre de 1997 por los dos Dirctores-Gerentes actuales, Don Dieter Weisenborn y Don Hans Buse. Mientras Dieter Weisenborn, quien aprendi\u00f3 el oficio de la qu\u00edmica especializada en pl\u00e1sticos\/ en PU desde el principio, a\u00fan est\u00e1 llevando personalmente todo el tema del desarollo de productos nuevos, su asociado, Hans Buse, es el responsable para todos los aspectos administrativos. Los dos tienen unos sendos 50 a\u00f1os de experiencia en el sector y en el mercado respectivamente.<\/p>\n\n\n\n<div style=\"height:51px\" aria-hidden=\"true\" class=\"wp-block-spacer\"><\/div>\n\n\n<div class=\"componentz-content-boxes columns-3 content-boxes-1 content-boxes-icon-boxed row\"><div class=\"card-deck mb-0 mb-lg-3\"><br \/>\n<div class=\"col col-12 col-md-6 componentz-content-box px-sm-0 component-animated animated\" animation_class=\"component-animated animated\" data-animationType=\"slideInDown\" data-animationDuration=\"0.1\"><div class=\"card mb-4 w-100 text-center rounded shadow\" style=\"background-color: #ededed;\"><div class=\"card-img-top heading-with-icon\"><i style=\"color:#5b5b5b;\" class=\"p-2 fas fa-landmark mt-0\"><\/i><\/div><div class=\"card-body\"><h5 class=\"card-title\"><b>Sede de la empresa<\/b><\/h5><p class=\"card-text\">Sede de la empresa: M\u00fcnchweiler an der Rodalb, muy cerca del n\u00facleo de t\u00e9chnolog\u00eda de calzado alem\u00e1n Pirmasens (Renania-Palatinado)<\/p><\/div><\/div><\/div><\/p>\n<p><div class=\"col col-12 col-md-6 componentz-content-box px-sm-0 component-animated animated\" animation_class=\"component-animated animated\" data-animationType=\"slideInDown\" data-animationDuration=\"0.1\"><div class=\"card mb-4 w-100 text-center rounded shadow\" style=\"background-color: #ededed;\"><div class=\"card-img-top heading-with-icon\"><i style=\"color:#5b5b5b;\" class=\"p-2 fa fa-wrench mt-0\"><\/i><\/div><div class=\"card-body\"><h5 class=\"card-title\"><b>Producci\u00f3n<\/b><\/h5><p class=\"card-text\">Desarollo y producci\u00f3n \u00fanicamente en Alemania, respetando los m\u00e1s severos est\u00e1ndares de calidad-, medioambiementales y de seguridad<\/p><\/div><\/div><\/div><\/p>\n<p><div class=\"col col-12 col-md-6 componentz-content-box px-sm-0 component-animated animated\" animation_class=\"component-animated animated\" data-animationType=\"slideInDown\" data-animationDuration=\"0.1\"><div class=\"card mb-4 w-100 text-center rounded shadow\" style=\"background-color: #ededed;\"><div class=\"card-img-top heading-with-icon\"><i style=\"color:#5b5b5b;\" class=\"p-2 fas fa-certificate mt-0\"><\/i><\/div><div class=\"card-body\"><h5 class=\"card-title\"><b>Certificado<\/b><\/h5><p class=\"card-text\">Certificado seg\u00fan ISO 9001 ISO 9001 &#038; 14001<\/p><\/div><\/div><\/div><br \/>\n<\/div><\/div>\n\n\n\n<div style=\"height:54px\" aria-hidden=\"true\" class=\"wp-block-spacer\"><\/div>\n\n\n<div class=\"componentz-content-boxes columns-1 content-boxes-2 content-boxes-icon-boxed row\"><div class=\"card-deck mb-0 mb-lg-3\"><br \/>\n<div class=\"col col-12 col-md-6 componentz-content-box px-sm-0 component-animated animated\" animation_class=\"component-animated animated\" data-animationType=\"slideInUp\" data-animationDuration=\"0.1\"><div class=\"card mb-4 w-100 text-center rounded shadow\" style=\"background-color: #ededed;\"><div class=\"card-img-top heading-with-icon\"><i style class=\"p-2 fas fa-thumbs-up mt-0\"><\/i><\/div><div class=\"card-body\"><h5 class=\"card-title\"><b>Nuestras fuerzas<\/b><\/p>\n<hr>\n<p><\/h5><p class=\"card-text\">&#8211; Desarrollos personalizados e individuales seg\u00fan las especificaciones del cliente.<br \/>\n&#8211; Altos est\u00e1ndares de calidad e innovaci\u00f3n.<br \/>\n&#8211; Laboratorio y tecnolog\u00eda de an\u00e1lisis de \u00faltima generaci\u00f3n.<br \/>\n&#8211; Maquinaria de \u00faltima generaci\u00f3n<br \/>\n&#8211; Alta cuota de exportaci\u00f3n<br \/>\n&#8211; Servicio de atenci\u00f3n al cliente ilimitado en todo el mundo<\/p><\/div><\/div><\/div><br \/>\n<\/div><\/div>\n\n\n\n<div style=\"height:50px\" aria-hidden=\"true\" class=\"wp-block-spacer\"><\/div>\n\n\n\n<h2 class=\"wp-block-heading\"><span style=\"color: #09589e;\"><strong>Asociaciones de cooperaci\u00f3n<\/strong><\/span><\/h2>\n\n\n\n<hr class=\"wp-block-separator has-alpha-channel-opacity\"\/>\n\n\n\n<div style=\"height:43px\" aria-hidden=\"true\" class=\"wp-block-spacer\"><\/div>\n\n\n<div class=\"row\"> <div class=\"componentz-col-6 col-md-6 col-lg-6\" style=\"background-attachment: scroll; background-position: left top; background-repeat: no-repeat; background-size: cover;\"><div style=\"padding: 2rem;\"><strong>ISC-Pirmasens<\/strong><br \/> El International Shoe Competence Center en Pirmasens, breve &#8220;ISC&#8221;, es un centro de investigaci\u00f3n y de ense\u00f1anza \u00fanico en esta forma, en el cual se concentra todo el saber alrededor de la producci\u00f3n industrial moderna del calzado. Adem\u00e1s, hoy en d\u00eda tambien est\u00e1 ubicada la &#8220;Deutsche Schuhfachschule&#8221; (Escuela Alemana del Calzado) all\u00ed, todo ello en directo vecinaje del campus universitatrio de Pirmasens y del PFI, en la barriada &#8220;Husterh\u00f6he&#8221;.<\/div><\/div> <div class=\"componentz-col-6 col-md-6 col-lg-6\" style=\"background-attachment: scroll; background-position: left top; background-repeat: no-repeat; background-size: cover;\"><div style=\"padding: 2rem;\"><strong>Footwear Innovation Lab GmbH<\/strong> <br \/>Tambien en el caso de la empresa pirmasense privada Footwear Innovation Lab GmbH, breve &#8220;F.i.L.&#8221;, se trata de un verdadero Think Tank, donde todo gira alrededor del tema de la producci\u00f3n de calzado casi o totalmente automatizada del siglo 21. Otros enfoques son los campos construcci\u00f3n de modelos virtual y Virtual-, o Augmented Reality para aplicaciones industriales &#8211; especialmente pero no s\u00f3lo en el sector del calzado.<\/div><\/div> <\/div>\n\n\n\n<div style=\"height:54px\" aria-hidden=\"true\" class=\"wp-block-spacer\"><\/div>\n\n\n\n<h2 class=\"wp-block-heading\"><span style=\"color: #09589e;\"><strong>Nuestra materia prima m\u00e1s importante: El equipo RIKA<\/strong><\/span><\/h2>\n\n\n\n<hr class=\"wp-block-separator has-alpha-channel-opacity\"\/>\n\n\n\n<p>Detr\u00e1s de la marca RIKA hay sobre todo un equipo fuerte, que se compone, entre otros, de qu\u00edmicos, de ingenioros expertos en pl\u00e1stico, de economistas\/comerciales, t\u00e9cnicos de aplicaci\u00f3n y trabajadores especializados. Hablamos su idioma, no importa si quiere comunicar con nosotros en alem\u00e1n, ingl\u00e9s, franc\u00e9s o espa\u00f1ol.<\/p>\n\n\n\n<div style=\"height:54px\" aria-hidden=\"true\" class=\"wp-block-spacer\"><\/div>\n\n\n<div class=\"componentz-content-boxes columns-2 content-boxes-3 content-boxes-icon-boxed row\"><div class=\"card-deck mb-0 mb-lg-3\"><br \/>\n<div class=\"col col-12 col-md-6 componentz-content-box px-sm-0 component-animated animated\" animation_class=\"component-animated animated\" data-animationType=\"fadeInLeft\" data-animationDuration=\"0.1\"><div class=\"card mb-4 w-100 text-center rounded shadow\"><div class=\"card-img-top heading-with-icon\"><img loading=\"lazy\" decoding=\"async\" src=\"\/wp-content\/uploads\/2024\/07\/d_weisenborn.png\" width=\"150\" height=\"150\" \/><\/div><div class=\"card-body\"><h5 class=\"card-title\"><b>Dieter Weisenborn<\/b><\/p>\n<hr>\n<p>Director general<\/h5><p class=\"card-text\">Don Dieter Weisenborn, co-fundador y Director-Gerente de la empresa, con m\u00e1s de 50 a\u00f1os de experiencia en el sector de la ind\u00fastria qu\u00edmica. Sobre todo en el campo de los desmoldeantes est\u00e1 considerado como uno de los mejores expertos a nivel internacional. Todos los productos que salen de nuestra casa llevan su firma t\u00e9cnica.<\/p><\/div><\/div><\/div><\/p>\n<p><div class=\"col col-12 col-md-6 componentz-content-box px-sm-0 component-animated animated\" animation_class=\"component-animated animated\" data-animationType=\"fadeInRight\" data-animationDuration=\"0.1\"><div class=\"card mb-4 w-100 text-center rounded shadow\"><div class=\"card-img-top heading-with-icon\"><img loading=\"lazy\" decoding=\"async\" src=\"\/wp-content\/uploads\/2019\/05\/buse.png\" width=\"150\" height=\"150\" \/><\/div><div class=\"card-body\"><h5 class=\"card-title\"><b>Hans Buse<\/b><\/p>\n<hr>\n<p>Director general<\/h5><p class=\"card-text\">Don Hans Buse, tambien co-fundador y Director Gerente, tiene igualmente m\u00e1s de 50 a\u00f1os de experiencia en la ind\u00fastria qu\u00edmica. Siendo hombre de negocios de la \u00b4escuela ant\u00edgua\u00b4, quien aprendi\u00f3 el oficio de comerciante desde el principio, es el responsable para las finanzas y el personal.<\/p><\/div><\/div><\/div><br \/>\n<\/div><\/div>\n\n\n<div class=\"componentz-content-boxes columns-2 content-boxes-4 content-boxes-icon-boxed row\"><div class=\"card-deck mb-0 mb-lg-3\"><br \/>\n<div class=\"col col-12 col-md-6 componentz-content-box px-sm-0 component-animated animated\" animation_class=\"component-animated animated\" data-animationType=\"fadeInLeft\" data-animationDuration=\"0.1\"><div class=\"card mb-4 w-100 text-center rounded shadow\"><div class=\"card-img-top heading-with-icon\"><img loading=\"lazy\" decoding=\"async\" src=\"\/wp-content\/uploads\/2019\/05\/theysohn.png\" width=\"150\" height=\"150\" \/><\/div><div class=\"card-body\"><h5 class=\"card-title\"><b>Regine Theysohn<\/b><\/p>\n<hr>\n<p>Responsable del Departamento de Ventas\/ Back Office<\/h5><p class=\"card-text\">Siendo bancaria de carrera, con un fundamento muy s\u00f3lido en la industria del poliuret\u00e1no, Regine Theysohn organiza los campos de venta y log\u00edstica en el \u201cback office\u201d. Su persona de contacto principal para los pedidos. Idiomas: alem\u00e1n, ingl\u00e9s y franc\u00e9s.<\/p>\n<hr>\n<p><i>Tel.: 06395 &#8211; 910 1515<\/i><\/p><\/div><\/div><\/div><br \/>\n<div class=\"col col-12 col-md-6 componentz-content-box px-sm-0 component-animated animated\" animation_class=\"component-animated animated\" data-animationType=\"fadeInRight\" data-animationDuration=\"0.1\"><div class=\"card mb-4 w-100 text-center rounded shadow\"><div class=\"card-img-top heading-with-icon\"><i style class=\"p-2 fas fa-user mt-0 fa-flip-horizontal\"><\/i><\/div><div class=\"card-body\"><h5 class=\"card-title\"><b>Kristina Rauth<\/b><\/p>\n<hr>\n<p>Departamento de compras<\/h5><p class=\"card-text\">Siendo otra columna importante del \u201eback office\u201c, Kristina Rauth es una de las principales responsables para las compras de nuestras materias primas. Idiomas: alem\u00e1n e ingl\u00e9s.<\/p>\n<hr>\n<p><i>Tel: 06395 &#8211; 910 1518<\/i><\/p><\/div><\/div><\/div><br \/>\n<\/div><\/div>\n","protected":false},"excerpt":{"rendered":"<p>SU EXPERTO EN PRODUCTOS QU\u00cdMICOS PARA LA PRODUCCI\u00d3N DE CALZADO BASADA EN PU La empresa fue fundada en diciembre de 1997 por los dos Dirctores-Gerentes actuales, Don Dieter Weisenborn y Don Hans Buse. Mientras Dieter Weisenborn, quien aprendi\u00f3 el oficio de la qu\u00edmica especializada en pl\u00e1sticos\/ en PU desde el principio, a\u00fan est\u00e1 llevando personalmente [&hellip;]<\/p>\n","protected":false},"author":1,"featured_media":0,"parent":0,"menu_order":0,"comment_status":"closed","ping_status":"closed","template":"","meta":{"footnotes":""},"class_list":["post-3296","page","type-page","status-publish","hentry"],"translation":{"provider":"WPGlobus","version":"3.0.1","language":"es","enabled_languages":["de","en","es","fr"],"languages":{"de":{"title":true,"content":true,"excerpt":false},"en":{"title":true,"content":true,"excerpt":false},"es":{"title":true,"content":true,"excerpt":false},"fr":{"title":true,"content":true,"excerpt":false}}},"_links":{"self":[{"href":"https:\/\/www.rika-chemie.com\/es\/wp-json\/wp\/v2\/pages\/3296","targetHints":{"allow":["GET"]}}],"collection":[{"href":"https:\/\/www.rika-chemie.com\/es\/wp-json\/wp\/v2\/pages"}],"about":[{"href":"https:\/\/www.rika-chemie.com\/es\/wp-json\/wp\/v2\/types\/page"}],"author":[{"embeddable":true,"href":"https:\/\/www.rika-chemie.com\/es\/wp-json\/wp\/v2\/users\/1"}],"replies":[{"embeddable":true,"href":"https:\/\/www.rika-chemie.com\/es\/wp-json\/wp\/v2\/comments?post=3296"}],"version-history":[{"count":5,"href":"https:\/\/www.rika-chemie.com\/es\/wp-json\/wp\/v2\/pages\/3296\/revisions"}],"predecessor-version":[{"id":7000,"href":"https:\/\/www.rika-chemie.com\/es\/wp-json\/wp\/v2\/pages\/3296\/revisions\/7000"}],"wp:attachment":[{"href":"https:\/\/www.rika-chemie.com\/es\/wp-json\/wp\/v2\/media?parent=3296"}],"curies":[{"name":"wp","href":"https:\/\/api.w.org\/{rel}","templated":true}]}}

<h1 class="wp-block-heading"><span style="color: #09589e;"><strong>SU EXPERTO EN PRODUCTOS QUÍMICOS PARA LA PRODUCCIÓN DE CALZADO BASADA EN PU</strong></span></h1>



<div style="height:49px" aria-hidden="true" class="wp-block-spacer"></div>



<p>La empresa fue fundada en diciembre de 1997 por los dos Dirctores-Gerentes actuales, Don Dieter Weisenborn y Don Hans Buse. Mientras Dieter Weisenborn, quien aprendió el oficio de la química especializada en plásticos/ en PU desde el principio, aún está llevando personalmente todo el tema del desarollo de productos nuevos, su asociado, Hans Buse, es el responsable para todos los aspectos administrativos. Los dos tienen unos sendos 50 años de experiencia en el sector y en el mercado respectivamente.</p>



<div style="height:51px" aria-hidden="true" class="wp-block-spacer"></div>


<div class="componentz-content-boxes columns-3 content-boxes-1 content-boxes-icon-boxed row"><div class="card-deck mb-0 mb-lg-3"><br />
<div class="col col-12 col-md-6 componentz-content-box px-sm-0 component-animated animated" animation_class="component-animated animated" data-animationType="slideInDown" data-animationDuration="0.1"><div class="card mb-4 w-100 text-center rounded shadow" style="background-color: #ededed;"><div class="card-img-top heading-with-icon"><i style="color:#5b5b5b;" class="p-2 fas fa-landmark mt-0"></i></div><div class="card-body"><h5 class="card-title"><b>Sede de la empresa</b></h5><p class="card-text">Sede de la empresa: Münchweiler an der Rodalb, muy cerca del núcleo de téchnología de calzado alemán Pirmasens (Renania-Palatinado)</p></div></div></div></p>
<p><div class="col col-12 col-md-6 componentz-content-box px-sm-0 component-animated animated" animation_class="component-animated animated" data-animationType="slideInDown" data-animationDuration="0.1"><div class="card mb-4 w-100 text-center rounded shadow" style="background-color: #ededed;"><div class="card-img-top heading-with-icon"><i style="color:#5b5b5b;" class="p-2 fa fa-wrench mt-0"></i></div><div class="card-body"><h5 class="card-title"><b>Producción</b></h5><p class="card-text">Desarollo y producción únicamente en Alemania, respetando los más severos estándares de calidad-, medioambiementales y de seguridad</p></div></div></div></p>
<p><div class="col col-12 col-md-6 componentz-content-box px-sm-0 component-animated animated" animation_class="component-animated animated" data-animationType="slideInDown" data-animationDuration="0.1"><div class="card mb-4 w-100 text-center rounded shadow" style="background-color: #ededed;"><div class="card-img-top heading-with-icon"><i style="color:#5b5b5b;" class="p-2 fas fa-certificate mt-0"></i></div><div class="card-body"><h5 class="card-title"><b>Certificado</b></h5><p class="card-text">Certificado según ISO 9001 ISO 9001 &#038; 14001</p></div></div></div><br />
</div></div>



<div style="height:54px" aria-hidden="true" class="wp-block-spacer"></div>


<div class="componentz-content-boxes columns-1 content-boxes-2 content-boxes-icon-boxed row"><div class="card-deck mb-0 mb-lg-3"><br />
<div class="col col-12 col-md-6 componentz-content-box px-sm-0 component-animated animated" animation_class="component-animated animated" data-animationType="slideInUp" data-animationDuration="0.1"><div class="card mb-4 w-100 text-center rounded shadow" style="background-color: #ededed;"><div class="card-img-top heading-with-icon"><i style class="p-2 fas fa-thumbs-up mt-0"></i></div><div class="card-body"><h5 class="card-title"><b>Nuestras fuerzas</b></p>
<hr>
<p></h5><p class="card-text">&#8211; Desarrollos personalizados e individuales según las especificaciones del cliente.<br />
&#8211; Altos estándares de calidad e innovación.<br />
&#8211; Laboratorio y tecnología de análisis de última generación.<br />
&#8211; Maquinaria de última generación<br />
&#8211; Alta cuota de exportación<br />
&#8211; Servicio de atención al cliente ilimitado en todo el mundo</p></div></div></div><br />
</div></div>



<div style="height:50px" aria-hidden="true" class="wp-block-spacer"></div>



<h2 class="wp-block-heading"><span style="color: #09589e;"><strong>Asociaciones de cooperación</strong></span></h2>



<hr class="wp-block-separator has-alpha-channel-opacity"/>



<div style="height:43px" aria-hidden="true" class="wp-block-spacer"></div>


<div class="row"> <div class="componentz-col-6 col-md-6 col-lg-6" style="background-attachment: scroll; background-position: left top; background-repeat: no-repeat; background-size: cover;"><div style="padding: 2rem;"><strong>ISC-Pirmasens</strong><br /> El International Shoe Competence Center en Pirmasens, breve &#8220;ISC&#8221;, es un centro de investigación y de enseñanza único en esta forma, en el cual se concentra todo el saber alrededor de la producción industrial moderna del calzado. Además, hoy en día tambien está ubicada la &#8220;Deutsche Schuhfachschule&#8221; (Escuela Alemana del Calzado) allí, todo ello en directo vecinaje del campus universitatrio de Pirmasens y del PFI, en la barriada &#8220;Husterhöhe&#8221;.</div></div> <div class="componentz-col-6 col-md-6 col-lg-6" style="background-attachment: scroll; background-position: left top; background-repeat: no-repeat; background-size: cover;"><div style="padding: 2rem;"><strong>Footwear Innovation Lab GmbH</strong> <br />Tambien en el caso de la empresa pirmasense privada Footwear Innovation Lab GmbH, breve &#8220;F.i.L.&#8221;, se trata de un verdadero Think Tank, donde todo gira alrededor del tema de la producción de calzado casi o totalmente automatizada del siglo 21. Otros enfoques son los campos construcción de modelos virtual y Virtual-, o Augmented Reality para aplicaciones industriales &#8211; especialmente pero no sólo en el sector del calzado.</div></div> </div>



<div style="height:54px" aria-hidden="true" class="wp-block-spacer"></div>



<h2 class="wp-block-heading"><span style="color: #09589e;"><strong>Nuestra materia prima más importante: El equipo RIKA</strong></span></h2>



<hr class="wp-block-separator has-alpha-channel-opacity"/>



<p>Detrás de la marca RIKA hay sobre todo un equipo fuerte, que se compone, entre otros, de químicos, de ingenioros expertos en plástico, de economistas/comerciales, técnicos de aplicación y trabajadores especializados. Hablamos su idioma, no importa si quiere comunicar con nosotros en alemán, inglés, francés o español.</p>



<div style="height:54px" aria-hidden="true" class="wp-block-spacer"></div>


<div class="componentz-content-boxes columns-2 content-boxes-3 content-boxes-icon-boxed row"><div class="card-deck mb-0 mb-lg-3"><br />
<div class="col col-12 col-md-6 componentz-content-box px-sm-0 component-animated animated" animation_class="component-animated animated" data-animationType="fadeInLeft" data-animationDuration="0.1"><div class="card mb-4 w-100 text-center rounded shadow"><div class="card-img-top heading-with-icon"><img loading="lazy" decoding="async" src="/wp-content/uploads/2024/07/d_weisenborn.png" width="150" height="150" /></div><div class="card-body"><h5 class="card-title"><b>Dieter Weisenborn</b></p>
<hr>
<p>Director general</h5><p class="card-text">Don Dieter Weisenborn, co-fundador y Director-Gerente de la empresa, con más de 50 años de experiencia en el sector de la indústria química. Sobre todo en el campo de los desmoldeantes está considerado como uno de los mejores expertos a nivel internacional. Todos los productos que salen de nuestra casa llevan su firma técnica.</p></div></div></div></p>
<p><div class="col col-12 col-md-6 componentz-content-box px-sm-0 component-animated animated" animation_class="component-animated animated" data-animationType="fadeInRight" data-animationDuration="0.1"><div class="card mb-4 w-100 text-center rounded shadow"><div class="card-img-top heading-with-icon"><img loading="lazy" decoding="async" src="/wp-content/uploads/2019/05/buse.png" width="150" height="150" /></div><div class="card-body"><h5 class="card-title"><b>Hans Buse</b></p>
<hr>
<p>Director general</h5><p class="card-text">Don Hans Buse, tambien co-fundador y Director Gerente, tiene igualmente más de 50 años de experiencia en la indústria química. Siendo hombre de negocios de la ´escuela antígua´, quien aprendió el oficio de comerciante desde el principio, es el responsable para las finanzas y el personal.</p></div></div></div><br />
</div></div>


<div class="componentz-content-boxes columns-2 content-boxes-4 content-boxes-icon-boxed row"><div class="card-deck mb-0 mb-lg-3"><br />
<div class="col col-12 col-md-6 componentz-content-box px-sm-0 component-animated animated" animation_class="component-animated animated" data-animationType="fadeInLeft" data-animationDuration="0.1"><div class="card mb-4 w-100 text-center rounded shadow"><div class="card-img-top heading-with-icon"><img loading="lazy" decoding="async" src="/wp-content/uploads/2019/05/theysohn.png" width="150" height="150" /></div><div class="card-body"><h5 class="card-title"><b>Regine Theysohn</b></p>
<hr>
<p>Responsable del Departamento de Ventas/ Back Office</h5><p class="card-text">Siendo bancaria de carrera, con un fundamento muy sólido en la industria del poliuretáno, Regine Theysohn organiza los campos de venta y logística en el “back office”. Su persona de contacto principal para los pedidos. Idiomas: alemán, inglés y francés.</p>
<hr>
<p><i>Tel.: 06395 &#8211; 910 1515</i></p></div></div></div><br />
<div class="col col-12 col-md-6 componentz-content-box px-sm-0 component-animated animated" animation_class="component-animated animated" data-animationType="fadeInRight" data-animationDuration="0.1"><div class="card mb-4 w-100 text-center rounded shadow"><div class="card-img-top heading-with-icon"><i style class="p-2 fas fa-user mt-0 fa-flip-horizontal"></i></div><div class="card-body"><h5 class="card-title"><b>Kristina Rauth</b></p>
<hr>
<p>Departamento de compras</h5><p class="card-text">Siendo otra columna importante del „back office“, Kristina Rauth es una de las principales responsables para las compras de nuestras materias primas. Idiomas: alemán e inglés.</p>
<hr>
<p><i>Tel: 06395 &#8211; 910 1518</i></p></div></div></div><br />
</div></div>

<p>SU EXPERTO EN PRODUCTOS QUÍMICOS PARA LA PRODUCCIÓN DE CALZADO BASADA EN PU La empresa fue fundada en diciembre de 1997 por los dos Dirctores-Gerentes actuales, Don Dieter Weisenborn y Don Hans Buse. Mientras Dieter Weisenborn, quien aprendió el oficio de la química especializada en plásticos/ en PU desde el principio, aún está llevando personalmente [&hellip;]</p>
